 w(a) = -2*a**2 + 146*a + 307. Determine w(75).
7
Let g(f) = 136*f**2 + 9*f + 32. What is g(-2)?
558
Let s(j) = -j**2 - 19*j - 39. Determine s(-2).
-5
Let a(m) = -3*m - 150. What is a(0)?
-150
Let w(a) = -a**2 + 66*a - 966. Determine w(23).
23
Let y(w) = 6*w**2 - 53*w + 54. Determine y(7).
-23
Let d(v) = v**3 + 17*v**2 + 94*v + 56. Determine d(-6).
-112
Let v(t) = -11*t + 15. What is v(8)?
-73
Let r(u) = -623*u + 1165. Give r(2).
-81
Let a(d) = d**3 - 45*d**2 - 99*d + 292. Determine a(47).
57
Let t(f) = 2*f**2 + 269*f + 2941. What is t(-12)?
1
Let w(s) = 12*s**2 + 64*s - 26. Calculate w(-6).
22
Let i(t) = t**3 - 9*t**2 - 114*t + 1020. Give i(11).
8
Let g(f) = 171*f - 1381. Calculate g(8).
-13
Let k(b) = 14*b**2 - 6*b + 8. Give k(4).
208
Let j(z) = z**3 - 18*z**2 + 16*z + 124. Give j(16).
-132
Let y(x) = -3*x**2 - 118*x - 117. What is y(-37)?
142
Let x(m) = m**3 + 3633*m**2 - 2*m - 16. Give x(0).
-16
Let v(p) = -p**3 + 28*p**2 + 29*p - 4. Calculate v(29).
-4
Let y(o) = o**3 + 39*o**2 + 13*o + 601. What is y(-39)?
94
Let c(a) = 38*a**3 - 4*a**2 - 35*a + 61. What is c(2)?
279
Let o(k) = 3*k**2 + 41*k + 187. Calculate o(-13).
161
Let b(n) = -2*n**3 + 40*n**2 - 42*n - 18. Give b(19).
-94
Let t(c) = -124*c - 130. Give t(-1).
-6
Let q(g) = -g**3 + 234*g**2 + 483*g - 2600. Calculate q(236).
-4
Let q(s) = 21*s - 72. What is q(3)?
-9
Let v(y) = 39*y**2 - 13259*y - 338. What is v(340)?
2
Let q(d) = -16*d**2 - 40*d + 33. Calculate q(-3).
9
Let d(i) = -94*i + 15. Determine d(0).
15
Let r(u) = -u**2 - 38*u + 328. Give r(-49).
-211
Let s(r) = 10*r**2 - 206*r + 273. Give s(19).
-31
Let c(t) = -t**2 + 52*t - 637. Determine c(23).
30
Let u(a) = -2*a**3 + 13*a**2 + 70*a + 14. Determine u(10).
14
Let g(w) = -4*w - 65. Give g(-17).
3
Let r(q) = -q**2 + 19*q - 21. Give r(0).
-21
Let u(f) = f**3 - 19*f**2 - 181*f - 27. Calculate u(26).
-1
Let j(s) = -2*s**3 - 164*s**2 + 18*s + 1470. Calculate j(-82).
-6
Let i(u) = u**2 + 119*u + 3505. What is i(-53)?
7
Let u(i) = i**2 - 66*i + 195. Determine u(63).
6
Let x(l) = -l**2 + 31*l + 60. Give x(31).
60
Let i(a) = -2*a**3 - 15*a**2 - 12*a - 24. Give i(-8).
136
Let x(a) = a**2 + 326*a - 46322. Give x(107).
9
Let d(p) = 31*p + 82. Calculate d(-27).
-755
Let p(a) = -a**2 - 3*a + 454. Determine p(-21).
76
Let p(y) = 334*y - 658. Determine p(2).
10
Let w(z) = 6*z**2 - 23*z - 129. What is w(-4)?
59
Let g(y) = 8*y**3 + 63*y**2 - 29*y - 186. Calculate g(-8).
-18
Let v(s) = 31395*s + 156972. Give v(-5).
-3
Let o(w) = -2*w**2 - 64*w - 26. Calculate o(-32).
-26
Let s(d) = 4*d**2 - 429*d + 2611. Give s(6).
181
Let l(j) = -2*j**3 - 6*j**2 - 41*j + 227. Determine l(3).
-4
Let g(a) = a**3 + 84*a**2 + 247*a + 332. Determine g(-81).
8
Let m(v) = 287*v - 14917. Give m(52).
7
Let t(r) = 26*r + 140. Determine t(-7).
-42
Let z(k) = -84*k + 77. Determine z(5).
-343
Let i(s) = -74*s + 634. Give i(9).
-32
Let d(c) = -475*c**3 - 5*c**2 + 10*c + 1. Determine d(1).
-469
Let b(x) = 172*x - 31463. Determine b(183).
13
Let q(r) = -3*r**2 + 4109*r - 20471. What is q(5)?
-1
Let m(o) = 10*o**2 - 113*o + 42. Give m(11).
9
Let t(b) = 71*b**2 - 103*b + 104. What is t(1)?
72
Let d(u) = u**3 - 42*u**2 - 86*u - 90. Give d(44).
-2
Let j(x) = 5*x**3 - 61*x**2 - 11*x + 282. Determine j(12).
6
Let g(y) = -18*y**2 + 21*y + 288. Give g(5).
-57
Let q(y) = -y**2 - 23*y - 129. Calculate q(-9).
-3
Let q(c) = -109*c**2 + 1964*c - 38. Give q(18).
-2
Let t(i) = 50*i**2 - 245*i - 31. What is t(5)?
-6
Let d(v) = 16*v**2 - 320*v - 36. Give d(20).
-36
Let g(y) = -y**3 - 19*y**2 - 179*y - 1516. Give g(-14).
10
Let m(f) = -f**3 + 78*f**2 - 1040*f + 57. Determine m(17).
6
Let l(b) = -2*b**3 + 98*b**2 - 94*b - 106. Calculate l(48).
-10
Let c(o) = o**2 - 28*o - 206. Calculate c(-8).
82
Let u(m) = m**2 - 39*m + 64. Determine u(0).
64
Let t(d) = -17*d**2 + 47*d + 5. Give t(3).
-7
Let m(x) = 28*x + 939. Give m(-34).
-13
Let s(y) = 174*y - 29361. Determine s(169).
45
Let s(z) = -22*z + 414. Determine s(19).
-4
Let x(c) = -c**3 - 6*c**2 - 7*c - 682. Calculate x(-11).
0
Let k(q) = 2*q**2 + 6*q - 45. Give k(3).
-9
Let d(m) = 243*m - 1547. Calculate d(6).
-89
Let f(p) = -313*p - 2454. Give f(-8).
50
Let v(h) = 6*h**2 - 20*h + 7. Calculate v(3).
1
Let k(p) = 155*p + 1095. Give k(-7).
10
Let j(z) = 22*z - 124. Determine j(6).
8
Let k(q) = 6*q**2 - 36*q - 93. Calculate k(-3).
69
Let j(c) = 9*c**2 - 212*c + 406. Determine j(22).
98
Let x(d) = 66*d - 26. Calculate x(2).
106
Let p(t) = 5314*t + 58445. What is p(-11)?
-9
Let k(i) = 117*i + 781. Give k(-6).
79
Let d(l) = 4*l**3 - 11*l**2 - 13*l + 32. What is d(3)?
2
Let m(w) = -69*w - 1231. What is m(-18)?
11
Let o(l) = -62*l + 45. Determine o(4).
-203
Let b(f) = -37*f + 57. Calculate b(-2).
131
Let q(k) = -922*k - 6443. What is q(-7)?
11
Let u(d) = -149*d + 1626. Give u(11).
-13
Let a(q) = q**3 + 25*q**2 + 141*q + 24. Determine a(-16).
72
Let q(y) = y**2 - 79*y + 817. What is q(12)?
13
Let z(g) = -3*g**3 - 19*g**2 - 26*g + 14. Give z(-4).
6
Let x(y) = y**3 - 38*y**2 + 157*y + 93. What is x(33)?
-171
Let l(k) = 14*k**2 - 243*k + 109. Give l(17).
24
Let n(p) = -3*p**2 - 240*p + 1016. What is n(4)?
8
Let z(h) = 360*h + 2890. Determine z(-8).
10
Let z(u) = 28*u - 782. What is z(28)?
2
Let s(o) = -23*o**3 - 224*o**2 + 59*o - 10. Determine s(-10).
0
Let z(k) = 37*k**3 + 7*k**2 + 21*k + 6. Determine z(-2).
-304
Let w(d) = 33*d + 831. Give w(-25).
6
Let l(v) = 22*v**2 - 2*v - 1. What is l(-1)?
23
Let t(i) = -i**3 + 20*i**2 - 8*i + 91. What is t(20)?
-69
Let v(s) = s**3 - 16*s**2 - 15*s - 68. What is v(17)?
-34
Let c(x) = -15590*x + 15584. What is c(1)?
-6
Let b(o) = -o - 36. What is b(-1)?
-35
Let m(p) = -64*p + 1956. Calculate m(32).
-92
Let c(v) = -256*v - 773. Calculate c(-3).
-5
Let h(m) = m**2 + 31*m + 120. Calculate h(-35).
260
Let t(f) = 331*f - 2367. Determine t(7).
-50
Let h(a) = -37*a - 1161. Determine h(-36).
171
Let w(o) = 14*o**3 + 125*o**2 - 7*o + 28. What is w(-9)?
10
Let y(s) = -s**3 - 21*s**2 + 250*s + 522. Give y(-29).
0
Let y(c) = 21*c - 28. Calculate y(3).
35
Let c(a) = -27*a + 918. Calculate c(34).
0
Let n(z) = 2*z**2 - 847*z + 10717. Calculate n(13).
44
Let l(n) = -333*n - 1657. Calculate l(-5).
8
Let w(c) = 2*c + 41. What is w(21)?
83
Let f(k) = -4*k**2 + 20*k - 121. Calculate f(7).
-177
Let r(c) = c**2 + 103*c + 399. What is r(-4)?
3
Let j(h) = 309*h + 2771. Give j(-9).
-10
Let v(b) = b**3 - 5*b**2 + 21*b - 153. Calculate v(8).
207
Let v(s) = 23*s - 373. Calculate v(15).
-28
Let c(i) = 3*i**2 + 47*i - 25. What is c(-17)?
43
Let t(a) = a**3 + 38*a**2 + 158*a - 65. What is t(-5)?
-30
Let m(y) = -2949*y - 32440. What is m(-11)?
-1
Let g(l) = -195*l - 194. Determine g(-2).
196
Let u(p) = 8*p**2 - 252*p - 36. Calculate u(32).
92
Let x(a) = 174*a + 500. Give x(-3).
-22
Let q(i) = -4*i**3 + 5*i**2 - 4*i - 30. Calculate q(-3).
135
Let k(y) = 3*y**3 + y**2 - 14*y + 13. What is k(2)?
13
Let x(o) = -49*o**3 - o**2 - 2*o - 42. What is x(0)?
-42
Let i(f) = 15*f**2 + 143*f - 8. Determine i(-10).
62
Let y(c) = c**2 + 485*c + 37056. What is y(-95)?
6
Let d(h) = -6*h**3 - 66*h**2 - 34*h - 375. Determine d(-11).
-1
Let l(i) = 374*i - 4955. What is l(13)?
-93
Let y(v) = 16*v**2 + 64*v + 42. Calculate y(-6).
234
Let a(h) = -2*h**2 + 39*h - 421. Calculate a(14).
-267
Let w(o) = -39*o + 320. Calculate w(7).
47
Let z(t) = 128*t**2 - 40*t + 43. Calculate z(1).
131
Let z(h) = 384*h + 5045. Determine z(-14).
-331
Let h(a) = -18*a**2 - 340*a - 304. Give h(-18).
-16
Let l(w) = -15*w - 620. Give l(-43).
25
Let z(l) = -30*l - 453. Give z(-18).
87
Let z(d) = 119*d + 131. Give z(-4).
-345
Let m(c) = 9*c**2 - 134*c + 130. Calculate m(1).
5
Let u(r) = 6*r**2 - 28*r + 12. Calculate u(8).
172
Let d(k) = k**2 - 29*k + 157. Calculate d(25).
57
Let p(o) = -27*o - 1341. Determine p(-51).
36
Let b(u) = 2*u**3 - 9*u**2 + 27*u + 51. Determine b(-2).
-55
Let a(u) = -2*u**3 + 25*u**2 + 43*u - 2. Calculate a(13).
388
Let h(p) = 54*p**2 - 324*p + 12. What is h(6)?
12
Let q(s) = -4*s**3 - 182*s**2 + 93*s + 23. Give q(-46).
-23
Let a(x) = 3*x**2 + 44*x + 39. Give a(-14).
11
Let u(r) = -1289*r + 10530. Calculate u(8).
218
Let r(z) = -1126*z - 12382. What is r(-11)?
4
Let o(s) = 10*s**2 - 12*s - 9. Give o(2).
7
Let g(c) = 30*c - 3024. Give g(101).
6
Let j(h) = -h**3 + 23*h**2 + 